6747 + 9864 = 113*l. Calculate the greatest common divisor of l and 245.
49
Let r be 0 - 9 - 24/(-29 + 28). Let u = 12 - 7. Suppose 3 = -d, -2*m + u*d + 246 = 3*d. Calculate the highest common factor of m and r.
15
Suppose 4*p - 16551 = 5*n, 2*n + 4503 = 3*p - 7905. Suppose p - 734 = 8*h. Calculate the greatest common divisor of 17 and h.
17
Let n = 1297 + 4520. What is the highest common divisor of n and 21?
21
Let o(h) = h**3 - 5*h**2 - 156*h + 96. Let k be o(15). What is the highest common factor of k and 9402?
6
Let b = -3460 - -3736. Calculate the highest common factor of b and 6716.
92
Let p = -33 + 89. Let r = p + -34. Let u(q) = q**2 - 9*q + 45. Let t be u(10). Calculate the highest common factor of r and t.
11
Let k(y) = -3*y + 102. Let s be k(33). Let w be ((-10)/s)/((-16)/24). Calculate the highest common divisor of 8 and w.
1
Let v be 74110/16 - 19*(-12)/1824. Calculate the highest common divisor of 168 and v.
24
Let w(h) = -h**3 - 83*h**2 - 132*h - 3956. Let p be w(-82). What is the highest common divisor of 1356 and p?
12
Let v be -2*2/(-16) + (-490)/(-56). Let c be 1*4/6*108. Let o be (-15 + 20)*c/5. Calculate the greatest common divisor of o and v.
9
Suppose 0 = -44*l + 25523 + 8137. What is the greatest common factor of l and 171?
9
Let q be (-18)/(-27) + 226/(-6). Let a = -30 - q. Suppose 165 = a*v - 73. Calculate the greatest common divisor of 85 and v.
17
Suppose 889 + 976 - 233 = 51*l. Calculate the highest common divisor of l and 352.
32
Suppose -50*d + 52*d = 2490. What is the greatest common factor of d and 60?
15
Let k be 368/24 - 15/6*36/(-54). Calculate the highest common divisor of 9656 and k.
17
Let s be 96/(-160) - (-52)/(-5). Let i = -95 - s. Let l = 165 + i. Calculate the greatest common divisor of 9 and l.
9
Let k = -3443 + 7330. Calculate the highest common factor of 13 and k.
13
Suppose 0 = 5*z - 4*l - 1341, -3*l + 6*l + 542 = 2*z. What is the highest common factor of 106 and z?
53
Suppose 0 = 4*z - 14*z. Suppose 407 = 3*n - 4*q + 94, z = -2*q - 8. Calculate the highest common factor of n and 9.
9
Let m(x) = 255*x + 97. Let h be m(16). Suppose 19*b = 1048 + h. Calculate the greatest common factor of b and 11.
11
Let g = -1 - -13. Let h(n) = n**2 + n - 51. Let d be h(-8). Suppose -l - 17 = -20, 0 = o + d*l - 123. What is the highest common factor of o and g?
12
Let h(o) = 94*o - 2442. Let q be h(27). Suppose -3*n + 4*p + 156 = 0, 2*n - 93 = -0*p - p. Calculate the greatest common divisor of n and q.
48
Suppose -7*p - 48 = -76. Let f(k) = -k**2 + 16. Let d be f(0). Let i = p + d. What is the highest common divisor of i and 220?
20
Let i(p) = 7*p**2 - 5*p - 46. Let x be i(-3). What is the greatest common factor of x and 3872?
32
Let n(b) = -b - 3. Let i(w) = 3*w + 16. Let v(y) = 4*i(y) + 22*n(y). Let a be v(-3). Calculate the highest common factor of 70 and a.
14
Suppose 0 = 3*h + 6 - 12, 0 = -5*z + h + 1688. Calculate the highest common factor of 169 and z.
169
Let g(p) = 2*p**3 - 11*p**2 + 53*p + 42. Let n be g(7). What is the greatest common divisor of 50 and n?
10
Suppose -4*c - 191 = -d, 25*d - 23*d + 3*c = 415. What is the greatest common factor of 30247 and d?
203
Let u(p) = p**2 + 12*p - 8. Suppose 0 = h + 6 + 8. Let z be u(h). Suppose 3*j - 4 = 2, -5*j + z = l. What is the highest common factor of l and 40?
10
Let u = 151 - 147. Let g be 96 - u - (-7 + 3). What is the highest common factor of g and 24?
24
Let d be (-3060)/(-17) - (7 + -7). Calculate the highest common factor of d and 2460.
60
Let o be 28*((-3015)/20)/(-9). Suppose 1013 = 13*a - o. Calculate the highest common factor of a and 57.
57
Suppose 104 = 5*l - 3*l + 5*r, 0 = -2*r. Suppose 5*g = 10, -46 = -z + 148*g - 145*g. What is the greatest common divisor of l and z?
52
Let t = 11 - 19. Let u(g) = -g**3 - 8*g**2 - 11*g - 12. Let y be u(t). Let q = y + -38. What is the highest common factor of q and 19?
19
Let m(w) = 213*w**2 - 97*w. Let h be m(5). Suppose -j = 7*j - h. What is the highest common factor of j and 55?
55
Let x(f) = -f**3 - 18*f**2 + 22*f + 52. Let m be x(-19). Let r be 2462/8 + (m - 63/(-12)). What is the greatest common factor of r and 132?
44
Let r be 18 + -15 + 0/(-1). Let n(i) = 36*i**3 - i**2 - 3*i + 3. Let k be n(r). What is the highest common factor of 33 and k?
33
Let z be (-1 - -2)*(-58)/(-2). Let p = -64495 - -64611. What is the highest common divisor of p and z?
29
Let f = 5089 + -494. Calculate the highest common divisor of f and 5.
5
Suppose 1878 = 6*g - 324. Suppose g = 2*x - z, 5*x - 5*z = -3*z + 916. Calculate the highest common divisor of x and 26.
26
Let a(w) = -w**3 + 10*w**2 - 7*w - 48. Let v be a(12). Let o = v - -472. Calculate the greatest common factor of 676 and o.
52
Suppose -4*c + 720 = 4*n, 17*n - 21*n + 2*c = -672. What is the greatest common factor of 8858 and n?
86
Let c(w) = w**2 + 250*w + 3651. Let j be c(-15). Calculate the greatest common divisor of j and 5103.
63
Suppose 27 + 5 = -8*t. Let r be ((-6)/t + 3)*-2. Let a(o) = -o + 7. Let c be a(r). Calculate the highest common factor of c and 16.
16
Let o be (2/8 + -1)*(-8)/3. Suppose -43 = -k - 2*l, o*k + 16*l = 15*l + 101. Calculate the highest common divisor of k and 106.
53
Suppose -x + 3*x - 2 = 0. Let d be (-52)/(-2) - (x - -1). Let n(z) = -125*z + 6883. Let q be n(55). Calculate the highest common factor of d and q.
8
Suppose -29*o + 18916 + 9359 = 0. What is the greatest common factor of 715 and o?
65
Suppose 9 = -3*m, -342*j - m - 19263 = -347*j. What is the highest common divisor of 198 and j?
18
Let d = -43 - -44. Suppose -2*j + 2 = g + j, 0 = g + 5*j. Suppose 4*x = g + 7. What is the greatest common factor of d and x?
1
Suppose -x + 6 = 4*n, 4*x = -x - 5*n + 60. Suppose d = 2*s - 9, -2*s + 6*s + 2*d = x. Suppose 0 = 4*m - 8 + s. Calculate the highest common factor of m and 5.
1
Suppose -5733 = -54*d + 37*d + 6048. Suppose z = 4*z - 189. What is the greatest common factor of z and d?
63
Suppose -p - 5*n + 11 - 5 = 0, n - 119 = -4*p. What is the highest common factor of 8804 and p?
31
Suppose -4437 = -47*w + 1203. Suppose k - 84 = j - 12, 2*j = -3*k + 216. Calculate the highest common divisor of k and w.
24
Let l be -14 - 105/(-1) - 0. What is the greatest common factor of 20384 and l?
91
Let f(x) be the third derivative of x**4/24 - 2*x**3 - 14*x**2. Let t be f(-13). Let k = t + 39. Calculate the highest common factor of k and 42.
14
Let u(c) be the second derivative of c**5/10 - 15*c**4/4 + 25*c**3/6 - 21*c**2 + 2*c - 53. Let l be u(22). What is the highest common divisor of l and 36?
12
Let v be -3 - (-175)/56 - (-92109)/24. What is the greatest common factor of v and 114?
38
Suppose -3*j = -8 + 5, -g = -3*j - 218. What is the greatest common factor of 391 and g?
17
Let d = 17267 - 16945. Calculate the highest common divisor of 16 and d.
2
Suppose -13 = -2*k + w, 0 = -2*k + 10*w - 11*w + 7. Suppose 8*l = -k*f + 6*l + 244, -212 = -4*f + 4*l. What is the greatest common factor of f and 225?
25
Suppose -218*x = -57904 - 24500. Calculate the greatest common factor of 273 and x.
21
Suppose 0 = -12*q + q - 121. Let y be q/((-55)/(-2)) + 167/5. Calculate the highest common divisor of y and 12.
3
Suppose 24 = 1286*a - 1280*a. Suppose -235 = -o - 5*l, a*o - 892 = -14*l + 10*l. What is the greatest common divisor of 55 and o?
55
Let k(s) = -3*s + 17. Suppose 0 = -10*m - 8 + 8. Let o be k(m). What is the highest common factor of 34 and o?
17
Let v(z) = -20*z**3 + z**2. Let l be v(-1). Let d = 5471 + -5479. Let q = d + l. What is the highest common factor of 39 and q?
13
Let h = -390 - -726. Suppose 5*w = -w - h. Let b = 96 + w. What is the greatest common divisor of 280 and b?
40
Let i = 5074 - 4327. Suppose 830 = 31*c - 26*c. What is the greatest common factor of c and i?
83
Suppose 2*m = 3*a + 449, 2*m - 53*a - 458 = -51*a. Calculate the highest common factor of m and 510.
34
Let t be 6 - (-121)/(-22) - (-819)/2. Calculate the highest common factor of t and 1312.
82
Let w = 162 - -204. Let a = w - 94. Calculate the greatest common factor of 204 and a.
68
Suppose 10 = 5*j + 5*f, -5*j + 4*f + 10 = 3*f. Suppose -6*i - 3*v = -j*i - 57, 3*i - 79 = 5*v. Calculate the greatest common divisor of i and 126.
18
Suppose 10*d + 26 = -64. Let b(a) = 